{"id":10,"date":"2019-05-20T17:53:44","date_gmt":"2019-05-20T17:53:44","guid":{"rendered":"http:\/\/verainmuebles.com\/?page_id=10"},"modified":"2019-12-07T16:11:27","modified_gmt":"2019-12-07T22:11:27","slug":"10-2","status":"publish","type":"page","link":"http:\/\/verainmuebles.com\/","title":{"rendered":"Inicio"},"content":{"rendered":"<p>[et_pb_section fb_built=&#8221;1&#8243; admin_label=&#8221;Hero section&#8221; _builder_version=&#8221;4.0.7&#8243; background_color_gradient_direction=&#8221;181deg&#8221; background_image=&#8221;http:\/\/verainmuebles.com\/wp-content\/uploads\/2019\/11\/BANNER-RIVIERA-MAYA-VERAINMUEBLES-PRINCIPAL-FOTO.jpg&#8221; parallax=&#8221;on&#8221; background_enable_video_webm=&#8221;off&#8221; custom_margin=&#8221;|||&#8221; custom_padding=&#8221;9.6%||10%|||&#8221;][et_pb_row column_structure=&#8221;2_3,1_3&#8243; _builder_version=&#8221;3.25&#8243; custom_margin=&#8221;|||&#8221;][et_pb_column type=&#8221;2_3&#8243; _builder_version=&#8221;3.25&#8243; custom_padding=&#8221;1px|||&#8221; custom_padding__hover=&#8221;|||&#8221;][et_pb_image src=&#8221;http:\/\/verainmuebles.com\/wp-content\/uploads\/2019\/08\/logo-verainmuebles-trazo.png&#8221; _builder_version=&#8221;3.26.6&#8243;][\/et_pb_image][et_pb_cta button_url=&#8221;#&#8221; _builder_version=&#8221;4.0.5&#8243; header_level=&#8221;h1&#8243; header_font=&#8221;Lato|900||on|||||&#8221; header_font_size=&#8221;80px&#8221; header_letter_spacing=&#8221;2px&#8221; header_line_height=&#8221;1.2em&#8221; body_font=&#8221;Lato||||||||&#8221; body_font_size=&#8221;20px&#8221; body_line_height=&#8221;1.8em&#8221; use_background_color=&#8221;off&#8221; use_background_color_gradient=&#8221;on&#8221; background_color_gradient_start=&#8221;rgba(172,196,190,0.78)&#8221; background_color_gradient_end=&#8221;rgba(255,255,255,0)&#8221; custom_button=&#8221;on&#8221; button_text_size=&#8221;16px&#8221; button_text_color=&#8221;#ffffff&#8221; button_bg_color=&#8221;#fa7f28&#8243; button_border_width=&#8221;6px&#8221; button_border_color=&#8221;#fa7f28&#8243; button_border_radius=&#8221;5px&#8221; button_letter_spacing=&#8221;2px&#8221; button_font=&#8221;Lato|900||on|||||&#8221; text_orientation=&#8221;left&#8221; max_width=&#8221;750px&#8221; module_alignment=&#8221;left&#8221; animation_style=&#8221;fold&#8221; animation_intensity_fold=&#8221;16%&#8221; header_font_size_tablet=&#8221;46px&#8221; header_font_size_phone=&#8221;&#8221; header_font_size_last_edited=&#8221;on|tablet&#8221; header_text_shadow_style=&#8221;preset1&#8243; header_text_shadow_blur_strength=&#8221;0.6em&#8221; header_text_shadow_color=&#8221;rgba(0,0,0,0.6)&#8221; body_text_shadow_style=&#8221;preset4&#8243; box_shadow_style_button=&#8221;preset3&#8243; box_shadow_blur_button=&#8221;30px&#8221; box_shadow_spread_button=&#8221;8px&#8221; box_shadow_color_button=&#8221;rgba(250,127,40,0.15)&#8221; button_letter_spacing_hover=&#8221;2px&#8221; button_text_size__hover_enabled=&#8221;off&#8221; button_one_text_size__hover_enabled=&#8221;off&#8221; button_two_text_size__hover_enabled=&#8221;off&#8221; button_text_color__hover_enabled=&#8221;off&#8221; button_one_text_color__hover_enabled=&#8221;off&#8221; button_two_text_color__hover_enabled=&#8221;off&#8221; button_border_width__hover_enabled=&#8221;off&#8221; button_one_border_width__hover_enabled=&#8221;off&#8221; button_two_border_width__hover_enabled=&#8221;off&#8221; button_border_color__hover_enabled=&#8221;off&#8221; button_one_border_color__hover_enabled=&#8221;off&#8221; button_two_border_color__hover_enabled=&#8221;off&#8221; button_border_radius__hover_enabled=&#8221;off&#8221; button_one_border_radius__hover_enabled=&#8221;off&#8221; button_two_border_radius__hover_enabled=&#8221;off&#8221; button_letter_spacing__hover_enabled=&#8221;on&#8221; button_letter_spacing__hover=&#8221;2px&#8221; button_one_letter_spacing__hover_enabled=&#8221;off&#8221; button_two_letter_spacing__hover_enabled=&#8221;off&#8221; button_bg_color__hover_enabled=&#8221;off&#8221; button_one_bg_color__hover_enabled=&#8221;off&#8221; button_two_bg_color__hover_enabled=&#8221;off&#8221;]<\/p>\n<p style=\"text-align: justify;\" align=\"left\"><strong>\u00a0VERA INMUEBLES. Innovaci\u00f3n inmobiliaria a tu servicio.<\/strong><\/p>\n<p style=\"text-align: justify;\">En VERAINMUEBLES contamos con m\u00e1s de 10 a\u00f1os de experiencia en el mercado inmobiliario de Veracruz, te ofrecemos un servicio integral avalado por profesionistas con\u00a0 estudios de posgrados acad\u00e9micos; ofreciendo as\u00ed un servicio PROFESIONAL y HUMANO, lo que garantiza a nuestros clientes operaciones justas que incrementen y salvaguarden su patrimonio.<\/p>\n<p style=\"text-align: justify;\">VERAINMUEBLES al ser <strong>Broker autorizado SIMCA<\/strong>, te ofrece las mejores opciones en Playa del Carmen, Canc\u00fan, Tulum y M\u00e9rida.<\/p>\n<p>[\/et_pb_cta][\/et_pb_column][et_pb_column type=&#8221;1_3&#8243; _builder_version=&#8221;3.25&#8243; custom_padding=&#8221;|||&#8221; custom_padding__hover=&#8221;|||&#8221;][et_pb_text _builder_version=&#8221;3.27.4&#8243; text_font=&#8221;Lato||||||||&#8221; text_text_color=&#8221;rgba(255,255,255,0.7)&#8221; text_font_size=&#8221;15px&#8221; text_line_height=&#8221;2em&#8221; link_font=&#8221;||||||||&#8221; link_text_color=&#8221;#ffffff&#8221; header_font=&#8221;||||||||&#8221; header_2_font=&#8221;Lato||||||||&#8221; header_3_font=&#8221;Lato|700|||||||&#8221; header_3_font_size=&#8221;23px&#8221; header_3_line_height=&#8221;1.5em&#8221; background_color=&#8221;rgba(36,36,76,0.62)&#8221; background_layout=&#8221;dark&#8221; custom_margin=&#8221;34%||-20px|&#8221; custom_margin_tablet=&#8221;40px|||&#8221; custom_margin_phone=&#8221;&#8221; custom_margin_last_edited=&#8221;on|tablet&#8221; custom_padding=&#8221;30px|30px|40px|30px&#8221; custom_padding_tablet=&#8221;&#8221; custom_padding_phone=&#8221;&#8221; custom_padding_last_edited=&#8221;on|tablet&#8221; animation_style=&#8221;fold&#8221; animation_delay=&#8221;100ms&#8221; border_radii=&#8221;on|6px|6px|6px|6px&#8221; border_color_all=&#8221;#fa7f28&#8243; border_width_top=&#8221;6px&#8221; locked=&#8221;off&#8221;]<\/p>\n<h3>Contacto<\/h3>\n<p><a href=\"https:\/\/bit.ly\/2pXYYrI\" target=\"_blank\" rel=\"noopener noreferrer\">Celular: 229 168 0596<\/a><\/p>\n<p>Correo electr\u00f3nico: ventas@verainmuebles.com<\/p>\n<p>[\/et_pb_text][\/et_pb_column][\/et_pb_row][\/et_pb_section][et_pb_section fb_built=&#8221;1&#8243; _builder_version=&#8221;4.0.5&#8243;][et_pb_row column_structure=&#8221;1_3,1_3,1_3&#8243; _builder_version=&#8221;4.0.5&#8243;][et_pb_column type=&#8221;1_3&#8243; _builder_version=&#8221;4.0.5&#8243;][et_pb_video src=&#8221;https:\/\/www.youtube.com\/watch?v=WC295-YZjrU&#038;feature=youtu.be&#8221; _builder_version=&#8221;4.0.5&#8243;][\/et_pb_video][\/et_pb_column][et_pb_column type=&#8221;1_3&#8243; _builder_version=&#8221;4.0.5&#8243;][et_pb_button button_url=&#8221;http:\/\/verainmuebles.com\/riviera-maya\/&#8221; url_new_window=&#8221;on&#8221; button_text=&#8221;Desarrollos en Riviera Maya&#8221; button_alignment=&#8221;center&#8221; _builder_version=&#8221;4.0.5&#8243; custom_button=&#8221;on&#8221; button_text_color=&#8221;#ffffff&#8221; button_bg_color=&#8221;#0c71c3&#8243; button_font=&#8221;Verdana|800|||||||&#8221;][\/et_pb_button][\/et_pb_column][et_pb_column type=&#8221;1_3&#8243; _builder_version=&#8221;4.0.5&#8243;][et_pb_text _builder_version=&#8221;4.0.5&#8243; text_font_size=&#8221;12px&#8221;]<\/p>\n<p><a href=\"http:\/\/verainmuebles.com\/wp-content\/uploads\/2019\/11\/VERAINMUEBLES-SIMCA.pdf\" target=\"_blank\" rel=\"noopener noreferrer\" title=\"Descarga Nuestro Brochure Riviera Maya\"><img loading=\"lazy\" decoding=\"async\" src=\"http:\/\/verainmuebles.com\/wp-content\/uploads\/2019\/11\/pdf-icono.png\" width=\"37\" height=\"39\" alt=\"\" class=\"wp-image-1796 alignnone size-full\" style=\"display: block; margin-left: auto; margin-right: auto;\" \/><\/a><\/p>\n<p style=\"text-align: center;\"><a href=\"http:\/\/verainmuebles.com\/wp-content\/uploads\/2019\/11\/VERAINMUEBLES-SIMCA.pdf\" target=\"_blank\" rel=\"noopener noreferrer\">Descarga Nuestro Brochure Riviera Maya<\/a><\/p>\n<p>[\/et_pb_text][\/et_pb_column][\/et_pb_row][\/et_pb_section][et_pb_section fb_built=&#8221;1&#8243; _builder_version=&#8221;3.26.6&#8243;][et_pb_row _builder_version=&#8221;3.26.6&#8243;][et_pb_column type=&#8221;4_4&#8243; _builder_version=&#8221;3.26.6&#8243;][et_pb_video src=&#8221;https:\/\/youtu.be\/M9lRQZBv__Y&#8221; _builder_version=&#8221;3.26.6&#8243;][\/et_pb_video][\/et_pb_column][\/et_pb_row][\/et_pb_section][et_pb_section fb_built=&#8221;1&#8243; admin_label=&#8221;Features&#8221; _builder_version=&#8221;3.22.3&#8243; use_background_color_gradient=&#8221;on&#8221; background_color_gradient_start=&#8221;#ffffff&#8221; background_color_gradient_end=&#8221;#e8eefc&#8221; min_height=&#8221;16px&#8221; custom_padding=&#8221;100px|0px|100px|0px&#8221;][et_pb_row _builder_version=&#8221;4.0.5&#8243;][et_pb_column type=&#8221;4_4&#8243; _builder_version=&#8221;4.0.5&#8243;][et_pb_text _builder_version=&#8221;4.0.5&#8243;]<\/p>\n<h1 style=\"text-align: center;\"><strong>PROPIEDADES EN VERACRUZ<\/strong><\/h1>\n<p>[\/et_pb_text][\/et_pb_column][\/et_pb_row][\/et_pb_section][et_pb_section fb_built=&#8221;1&#8243; admin_label=&#8221;Features&#8221; _builder_version=&#8221;3.22.3&#8243; use_background_color_gradient=&#8221;on&#8221; background_color_gradient_start=&#8221;#ffffff&#8221; background_color_gradient_end=&#8221;#e8eefc&#8221; custom_padding=&#8221;100px|0px|100px|0px&#8221;][et_pb_row _builder_version=&#8221;3.25&#8243;][et_pb_column type=&#8221;4_4&#8243; _builder_version=&#8221;3.25&#8243; custom_padding=&#8221;|||&#8221; custom_padding__hover=&#8221;|||&#8221;][et_pb_text _builder_version=&#8221;3.27.4&#8243;]<\/p>\n<p>&nbsp;<\/p>\n\n    \n    <div class=\"es-wrap Divi\">\n                    \n    <form method=\"GET\" action=\"http:\/\/verainmuebles.com\/index.php?rest_route=%2Fwp%2Fv2%2Fpages%2F10\" class=\"es-dropdown-container\">\n        <select class=\"js-es-select2-sort js-es-change-submit\" name=\"redirect_view_sort\">\n                            <option value=\"recent\" >M\u00e1s reciente<\/option>\n                            <option value=\"highest_price\" >Precio m\u00e1s alto<\/option>\n                            <option value=\"lowest_price\" >Precio m\u00e1s bajo<\/option>\n                            <option value=\"featured\" >Destacado<\/option>\n                    <\/select>\n        <input type=\"hidden\" name=\"shortcode_identifier\" value=\"1\"\/>\n    <\/form>\n                <div class=\"es-listing es-layout-3_col\" data-layout=\"es-layout-3_col\">\n                            \n<div id=\"post-2197\" class=\"properties post-2197 type-properties status-publish has-post-thumbnail hentry es_category-casas es_status-veracruz es_type-renta\">\n    <div class=\"es-property-inner\">\n        <div class=\"es-property-thumbnail\">\n            <div class=\"es-thumbnail\">\n                <a href=\"http:\/\/verainmuebles.com\/?properties=casa-en-renta-con-habitaciones-climatizadas-cerca-de-plaza-americas\">\n                                            <img loading=\"lazy\" decoding=\"async\" width=\"536\" height=\"370\" src=\"http:\/\/verainmuebles.com\/wp-content\/uploads\/2020\/10\/1-1-536x370.jpg\" class=\"attachment-es-image-size-archive size-es-image-size-archive\" alt=\"\" \/>                    \n                    \t                                        <div class=\"es-thumbnail-bottom\">7<\/div>\n\t                                <\/a>\n            <\/div>\n        <\/div>\n\n        <div class=\"es-property-info\">\n\n            <div class=\"es-row-view\">\n                <h2>\n                    <a href=\"http:\/\/verainmuebles.com\/?properties=casa-en-renta-con-habitaciones-climatizadas-cerca-de-plaza-americas\">Casa en renta con habitaciones climatizadas cerca de Plaza Am\u00e9ricas<\/a>\n                    <span class=\"es-price\">$ 5,200.00<\/span>                <\/h2>\n            <\/div>\n\n            <div class=\"es-col-view\">\n                <h2>\n                    <a class=\"es-property-link\" href=\"http:\/\/verainmuebles.com\/?properties=casa-en-renta-con-habitaciones-climatizadas-cerca-de-plaza-americas\">Casa en renta con habitaciones climatizadas cerca de Plaza Am\u00e9ricas<\/a>\n\t                                <\/h2>\n\t            <span class=\"es-price\">$ 5,200.00<\/span>            <\/div>\n\n\t        \n            <div class=\"es-property-content\">\n                <div class=\"es-property-excerpt\">\n\t\t            <p>Ubicada en conjunto cerrado en Joyas de Mocambo a unos pasos de los principales centros comerciales Plaza Am\u00e9ricas, Plaza Andamar, Plaza del Sol. Cerca de la Universidad Villa Rica o UVM, La Salle, Colegio Americano. Cuenta con \u00e1rea de sala comedor- cocina, un ba\u00f1o completo, cocina con tarja y sin estufa, \u00e1rea de servicio con [&hellip;]<\/p>\n                <\/div>\n                <div class=\"es-property-wishlist\">\n\t\t                            <\/div>\n            <\/div>\n\n            \n            <div class=\"es-bottom-info\">\n                \t\t\t<div class=\"es-bottom-icon__list\">\t\t\t\t\t\t\t\t\t\t<span class=\"es-bottom-icon\">\n                            \t                            <span class=\"es-meta-icon es-meta-icon--bedrooms\" style=\"background-image: url(https:\/\/verainmuebles.com\/wp-content\/plugins\/estatik-pro_3.11.8-1\/assets\/images\/bed_icon.png);\"><\/span>\n                            \t\t\t\t\t\t\t2 \u0441uartos                        <\/span>\n\t\t\t\t\t\t\t\t\t\t\t\t\t\t\t<span class=\"es-bottom-icon\">\n                            \t                            <span class=\"es-meta-icon es-meta-icon--bathrooms\" style=\"background-image: url(https:\/\/verainmuebles.com\/wp-content\/plugins\/estatik-pro_3.11.8-1\/assets\/images\/bath_icon.png);\"><\/span>\n                            \t\t\t\t\t\t\t1 ba\u00f1o                        <\/span>\n\t\t\t\t\t\t\t\t\t<\/div>\n\t\t\n                <div class=\"es-details-wrap\">\n                    <div class=\"es-details-flex\">\n                                                    <div class=\"es-map-link-wrap\">\n                                <a href=\"#\" class=\"es-map-view-link es-hover-show\" data-longitude=\"-96.1126125\"\n                                   data-latitude=\"19.1449156\">Ver en mapa<\/a>\n                            <\/div>\n                                                <span class=\"es-read-wrap\">\n                            <a href=\"http:\/\/verainmuebles.com\/?properties=casa-en-renta-con-habitaciones-climatizadas-cerca-de-plaza-americas\" class=\"es-button es-button-orange es-hover-show es-read\">Detalles<\/a>\n                        <\/span>\n                    <\/div>\n                <\/div>\n            <\/div>\n        <\/div>\n\n    <\/div>\n<\/div>\n                    <\/div>\n\n            <\/div>\n            \n<p>&nbsp;<\/p>\n<p>[\/et_pb_text][\/et_pb_column][\/et_pb_row][\/et_pb_section]<\/p>\n","protected":false},"excerpt":{"rendered":"<p>[et_pb_section fb_built=&#8221;1&#8243; admin_label=&#8221;Hero section&#8221; _builder_version=&#8221;4.0.7&#8243; background_color_gradient_direction=&#8221;181deg&#8221; background_image=&#8221;http:\/\/verainmuebles.com\/wp-content\/uploads\/2019\/11\/BANNER-RIVIERA-MAYA-VERAINMUEBLES-PRINCIPAL-FOTO.jpg&#8221; parallax=&#8221;on&#8221; background_enable_video_webm=&#8221;off&#8221; custom_margin=&#8221;|||&#8221; custom_padding=&#8221;9.6%||10%|||&#8221;][et_pb_row column_structure=&#8221;2_3,1_3&#8243; _builder_version=&#8221;3.25&#8243; custom_margin=&#8221;|||&#8221;][et_pb_column type=&#8221;2_3&#8243; _builder_version=&#8221;3.25&#8243; custom_padding=&#8221;1px|||&#8221; custom_padding__hover=&#8221;|||&#8221;][et_pb_image src=&#8221;http:\/\/verainmuebles.com\/wp-content\/uploads\/2019\/08\/logo-verainmuebles-trazo.png&#8221; _builder_version=&#8221;3.26.6&#8243;][\/et_pb_image][et_pb_cta button_url=&#8221;#&#8221; _builder_version=&#8221;4.0.5&#8243; header_level=&#8221;h1&#8243; header_font=&#8221;Lato|900||on|||||&#8221; header_font_size=&#8221;80px&#8221; header_letter_spacing=&#8221;2px&#8221; header_line_height=&#8221;1.2em&#8221; body_font=&#8221;Lato||||||||&#8221; body_font_size=&#8221;20px&#8221; body_line_height=&#8221;1.8em&#8221; use_background_color=&#8221;off&#8221; use_background_color_gradient=&#8221;on&#8221; background_color_gradient_start=&#8221;rgba(172,196,190,0.78)&#8221; background_color_gradient_end=&#8221;rgba(255,255,255,0)&#8221; custom_button=&#8221;on&#8221; button_text_size=&#8221;16px&#8221; button_text_color=&#8221;#ffffff&#8221; button_bg_color=&#8221;#fa7f28&#8243; button_border_width=&#8221;6px&#8221; button_border_color=&#8221;#fa7f28&#8243; button_border_radius=&#8221;5px&#8221; button_letter_spacing=&#8221;2px&#8221; button_font=&#8221;Lato|900||on|||||&#8221; text_orientation=&#8221;left&#8221; max_width=&#8221;750px&#8221; module_alignment=&#8221;left&#8221; animation_style=&#8221;fold&#8221; animation_intensity_fold=&#8221;16%&#8221; header_font_size_tablet=&#8221;46px&#8221; header_font_size_phone=&#8221;&#8221; header_font_size_last_edited=&#8221;on|tablet&#8221; header_text_shadow_style=&#8221;preset1&#8243; header_text_shadow_blur_strength=&#8221;0.6em&#8221; header_text_shadow_color=&#8221;rgba(0,0,0,0.6)&#8221; body_text_shadow_style=&#8221;preset4&#8243; [&hellip;]<\/p>\n","protected":false},"author":1,"featured_media":0,"parent":0,"menu_order":0,"comment_status":"closed","ping_status":"closed","template":"","meta":{"_et_pb_use_builder":"on","_et_pb_old_content":"","_et_gb_content_width":"","footnotes":""},"class_list":["post-10","page","type-page","status-publish","hentry"],"_links":{"self":[{"href":"http:\/\/verainmuebles.com\/index.php?rest_route=\/wp\/v2\/pages\/10"}],"collection":[{"href":"http:\/\/verainmuebles.com\/index.php?rest_route=\/wp\/v2\/pages"}],"about":[{"href":"http:\/\/verainmuebles.com\/index.php?rest_route=\/wp\/v2\/types\/page"}],"author":[{"embeddable":true,"href":"http:\/\/verainmuebles.com\/index.php?rest_route=\/wp\/v2\/users\/1"}],"replies":[{"embeddable":true,"href":"http:\/\/verainmuebles.com\/index.php?rest_route=%2Fwp%2Fv2%2Fcomments&post=10"}],"version-history":[{"count":40,"href":"http:\/\/verainmuebles.com\/index.php?rest_route=\/wp\/v2\/pages\/10\/revisions"}],"predecessor-version":[{"id":1891,"href":"http:\/\/verainmuebles.com\/index.php?rest_route=\/wp\/v2\/pages\/10\/revisions\/1891"}],"wp:attachment":[{"href":"http:\/\/verainmuebles.com\/index.php?rest_route=%2Fwp%2Fv2%2Fmedia&parent=10"}],"curies":[{"name":"wp","href":"https:\/\/api.w.org\/{rel}","templated":true}]}}